st the prime factors of v.
2, 5
Let m = -25522 - -29838. What are the prime factors of m?
2, 13, 83
Suppose -48*f + 53*f + 36320 = a, -4*a + 4*f = -145360. List the prime factors of a.
3, 5, 2423
Let b = 63 - 56. Let d(o) = o**3 - o**2 - 11*o + 13. Let w be d(b). Suppose 58*h = 63*h - w. List the prime factors of h.
2, 23
Suppose 9*x - 10*x + 17 = -4*m, 2*m + 21 = 3*x. List the prime factors of 158 + m + (9 - 2).
2, 3
Let q = -2213 - -6322. List the prime factors of q.
7, 587
Suppose -42*s + 43697 + 63538 = 3*s. What are the prime factors of s?
2383
Let p(b) = -2*b**2 - 17*b - 11. Let f be p(-8). Let d(o) = 6 - 32*o - 2 + 8*o - 1. List the prime factors of d(f).
3, 5
Suppose 0 = -2*s + 14 + 6. Let j = s - 13. Let g(b) = 15*b**2 + 4*b + 1. List the prime factors of g(j).
2, 31
Let g(j) be the first derivative of -7*j**4/4 - 5*j**3/3 - 3*j**2/2 - 8*j + 58. What are the prime factors of g(-4)?
2, 3, 31
Suppose -2*o - 3 - 7 = -u, o = 4*u + 9. Let p(b) = 6*b**2 - 3*b + 3. Let d be p(o). Suppose -3*w - y = -2*w - 116, -3*w + 3*y = -d. List the prime factors of w.
3, 37
Suppose 34*b + 4905 = 19*b. Let y = -161 - b. What are the prime factors of y?
2, 83
What are the prime factors of -10 + 1 + 214228/49?
4363
Let j = 94 - 61. Let t be 13/3 + (-11)/j. Suppose -t*f + 21 = -79. List the prime factors of f.
5
Let f(s) = -1535*s - 1366. List the prime factors of f(-8).
2, 3, 17, 107
Suppose t = 3*k + 46711, -2*k - 24368 + 117822 = 2*t. What are the prime factors of t?
46723
Let h(q) = 55*q**2 + 10*q + 25. Let c be h(-3). Suppose -4*b - 3*v = -316 - c, 3*v + 994 = 5*b. List the prime factors of b.
2, 5
Let p(u) = -u**3 + 3*u**2 - 2. Let c = 34 - 32. Let a be p(c). Suppose 144 = -0*d + a*d. List the prime factors of d.
2, 3
Suppose 72*m - 2 = 74*m. Let c be ((-16)/(-10))/(m + (-21)/(-15)). Suppose c*w = 9*w - 915. What are the prime factors of w?
3, 61
Let l be 3/60*4*15. Let f be 2 - (19 + (0 - l)). What are the prime factors of 99 + f/(-12) + 4/(-24)?
2, 5
Let j(s) = -3*s**2 - s + 21. Let v be j(0). Let h be -2*v/(-28) - (-3)/(-2). Suppose h = -5*d + 3*d + g + 186, 4*d = -g + 378. List the prime factors of d.
2, 47
Let b be 2/(-3) + (-70)/(-21)*5. List the prime factors of -1810*4/b*(-4)/5.
2, 181
Suppose f + 561 = -484. What are the prime factors of (f/15)/(2/(-6))?
11, 19
Let f = -109 + -530. Let y = -349 - f. List the prime factors of y.
2, 5, 29
Let d be -6 + 1705 + -12 + 5. Suppose -x - x - 2*t + d = 0, -3*t = 12. List the prime factors of x.
2, 5, 17
Let o(d) = d**2 + 6*d - 2. Let s be o(-7). Suppose 11*w - 156 = s*w. What are the prime factors of w?
2, 13
Let z be -12*2*2/(-12). Suppose -3*l - 3*h + 3219 = 0, 0 = 2*l - z*l - 3*h + 2144. What are the prime factors of l?
5, 43
Suppose 23*o + 2511 = 15828. Suppose 2*i = -153 + o. List the prime factors of i.
3, 71
Suppose 0 = 4*t + z + 8234, t = 2*t - 4*z + 2067. Let f = t - -2896. What are the prime factors of f?
3, 31
What are the prime factors of (-6)/(-165) + (-1906686)/(-1485)?
2, 3, 107
Let v(u) = 6*u - 5. Let j be v(2). Suppose j = 2*o - 9. Suppose o*p - 95 = 233. List the prime factors of p.
41
Let a = -24 - -39. Suppose -a + 123 = 9*w. List the prime factors of (-264)/(-18) - 8/w.
2, 7
Let g(v) = 2*v**3 + 104*v**2 - 73*v + 18. List the prime factors of g(-51).
3, 11, 271
List the prime factors of ((12 - -3690)/((-8)/10))/((-15)/20).
2, 5, 617
Suppose -2*l = -2*w - 36 - 22, -w + 169 = 5*l. Suppose 34*u - l*u = 720. List the prime factors of u.
2, 3, 5
Suppose 0 = -3*s + 5 + 25. Let m(l) = 3*l + 63. Let v(g) = -2*g - 31. Let k(x) = 3*m(x) + 5*v(x). List the prime factors of k(s).
2, 3
Suppose 307*b - 304335 = 148*b + 150*b. List the prime factors of b.
5, 6763
Suppose 37 = 4*k + h, -5*k + 8*k - 26 = h. Suppose 6*s - k - 297 = 0. What are the prime factors of s?
3, 17
What are the prime factors of 32*1*155471/214?
2, 1453
Let h(v) = -6*v**3 - 8*v**2 - 25*v - 4. Let k(y) = -7*y**3 - 7*y**2 - 24*y - 3. Let c(x) = -6*h(x) + 5*k(x). List the prime factors of c(-9).
3, 7
Suppose 9*s = -40*s - 55*s + 641264. What are the prime factors of s?
2, 3083
Suppose -2*x + y = -3 + 2, 17 = -5*x - 4*y. What are the prime factors of x + 4 + (24/3 - -17)?
2, 7
Let k(q) = -q**2 + 22*q + 4. Suppose 2840 = -7*x + 2*x. Let s be 10/65 - x/26. What are the prime factors of k(s)?
2
What are the prime factors of ((-76719)/(-214))/(6/464)?
2, 29, 239
Suppose 120*l = 128*l - 25600. List the prime factors of (18/(-5))/(15/l*-1).
2, 3
Suppose -2*s = 10 - 22. Suppose 53 = -s*p + 7*p. Suppose 3*q + p = 4*q. List the prime factors of q.
53
Suppose 3*s = -n + 75, -5*n - 3*s = -205 - 182. Suppose 11 = 4*r - 3*r. Suppose -8*z - n = -r*z. What are the prime factors of z?
2, 13
Suppose 2*o = 6*o + 4, 3*a - o = 217. Let z = -65 + a. Suppose z*v - 31 = 473. List the prime factors of v.
2, 3
Let y(g) = -g + 1. Suppose -5*l + 2*z = -8, -5*z + 12 - 3 = 2*l. Let n be y(l). List the prime factors of (-1)/n*1/((-3)/(-129)).
43
Let t = 99 - 83. Suppose 17*l - 326 = t*l. What are the prime factors of l?
2, 163
Suppose 24742 + 13676 = 6*d. List the prime factors of d.
19, 337
Suppose -13*k + 41 = 2. Suppose -z + 596 = k*u, -8*u + z + 1004 = -3*u. List the prime factors of u.
2, 5
Suppose -7*t - 219 - 866 = 0. Let q = t + 188. List the prime factors of q.
3, 11
Let f(v) be the second derivative of -v**4/12 - v**3/3 + 5*v**2/2 - 16*v. Let o be f(0). What are the prime factors of 246/(7 - o)*4/6?
2, 41
List the prime factors of (2 - 120/50)/(2/(-43530)).
2, 3, 1451
Let z(s) = 1803*s**2 - 239*s - 943. List the prime factors of z(-4).
7, 19, 31
Suppose d + 256 = 5*h, -5*h - 3 = -8. Let q = d + 289. What are the prime factors of q?
2, 19
List the prime factors of 2/(18 - 1921600/106756).
13, 2053
Let d = -853 - -1673. Suppose d = 11*y - 874. What are the prime factors of y?
2, 7, 11
Suppose 45*h = 47*h - 1238. Suppose p + 2*f = h, -3*p = -4*f - 239 - 1598. List the prime factors of p.
3, 5, 41
Let d(w) = -3*w**2 - 17*w + 22. Let l(a) = 17*a**2 + 86*a - 109. Let g(c) = 11*d(c) + 2*l(c). Let j be g(13). List the prime factors of 56 + j/(-3) + 14/(-3).
2, 13
What are the prime factors of (0 - 2811)/((2/(-3))/(120/108))?
5, 937
Suppose 79233 = 72*x - 61*x. List the prime factors of x.
3, 7
Suppose 9*o - 170 = 55. Let r(h) = h**3 - 26*h**2 + 27*h - 42. What are the prime factors of r(o)?
2
Suppose -2*b - 60 = 3*l, -5*b + 37 = -2*l - 22. List the prime factors of (-11)/l*(2 - -1654).
2, 3, 23
Let a(t) = -34*t + 2. Let i be a(-7). Let r = -414 + 416. Suppose -2*m + i + 98 = 4*q, -339 = -r*m - 5*q. List the prime factors of m.
167
What are the prime factors of 6 - (6 - (12567 - -8))?
5, 503
Suppose 2*s + u - 17252 = 0, -142*s + 145*s = 3*u + 25869. List the prime factors of s.
3, 5, 23
Let q(n) = 49*n - 23. Let r(d) = 51*d - 24. Let j(x) = 2*q(x) - 3*r(x). List the prime factors of j(-9).
521
Suppose -4*k + 40 = -0*c + 2*c, -3*k - 69 = -4*c. Suppose 4*t + c = 2. List the prime factors of 85 - 2*6/t.
2, 11
Suppose -f + 14 = 3*c, 4*f + 4*c = 3*c + 12. Let k = -4 - -7. Suppose -f*y + a = -117, -y - 4 = -k*a - 50. What are the prime factors of y?
61
Let w(s) = s**3 - 11*s**2 + 2*s - 20. Let b be w(11). Let v be -7 + 8776/(-16) + b/4. Let k = -330 - v. List the prime factors of k.
3, 5
Let w(g) = 300*g - 36. Let d be w(16). Suppose 16*o - 4*o = d. List the prime factors of o.
397
Let i(g) = g**2 - 14*g + 15. Let j be i(13). Suppose 57 = 4*o + o - 3*k, -17 = -o + j*k. Suppose -4*f = -o - 123. List the prime factors of f.
3, 11
Suppose 12*p - 15*p - 4*c + 3814 = 0, 3*p - 3828 = 3*c. What are the prime factors of p?
2, 7, 13
Let a(t) = t**2 - 18*t + 14. Let u be a(13). Let g = u - -51. Suppose 4*v = -2*l - g*l + 102, l - 67 = 2*v. What are the prime factors of l?
59
Let m be 210/(-5)*(-1)/(-12)*4. What are the prime factors of (2 - (-932)/1) + m + 10?
2, 3, 5, 31
Let t(w) = -363*w**3 - 3*w**2 + 25*w + 65. List the prime factors of t(-3).
2, 2441
List the prime factors of 8*126/144 + 13367.
2, 3, 743
Let h be ((-132)/16)/((-9)/(-24)). Let a be (-57)/(-2)*(h/(-3) - -2). Let t = a + -169. What are the prime factors of t?
97
Suppose -5*w - 78*p + 75*p + 115302 = 0, 3*w - p - 69170 = 0. List the prime factors of w.
2, 3, 7, 61
Suppose -3*d - q = -55494, -170*q = 3*d 